{"id":12720,"date":"2019-09-25T00:17:18","date_gmt":"2019-09-25T06:17:18","guid":{"rendered":"https:\/\/avtech-hn.com\/blog\/?post_type=product&#038;p=12720"},"modified":"2022-08-15T15:28:19","modified_gmt":"2022-08-15T21:28:19","slug":"set-de-cuerdas-daddario-titatium-ukulele-soprano","status":"publish","type":"product","link":"https:\/\/avtech-hn.com\/blog\/product\/set-de-cuerdas-daddario-titatium-ukulele-soprano\/","title":{"rendered":"Set de Cuerdas &#8211; D&#8217;Addario &#8211; Titanium &#8211; Ukulele Soprano"},"content":{"rendered":"\t\t<div data-elementor-type=\"wp-post\" data-elementor-id=\"12720\" class=\"elementor elementor-12720\">\n\t\t\t\t\t\t<div class=\"elementor-inner\">\n\t\t\t\t<div class=\"elementor-section-wrap\">\n\t\t\t\t\t\t\t\t\t<section class=\"elementor-section elementor-top-section elementor-element elementor-element-33bd79a4 elementor-section-boxed elementor-section-height-default elementor-section-height-default\" data-id=\"33bd79a4\" data-element_type=\"section\">\n\t\t\t\t\t\t<div class=\"elementor-container elementor-column-gap-default\">\n\t\t\t\t\t\t\t<div class=\"elementor-row\">\n\t\t\t\t\t<div class=\"elementor-column elementor-col-100 elementor-top-column elementor-element elementor-element-38fdea0\" data-id=\"38fdea0\" data-element_type=\"column\">\n\t\t\t<div class=\"elementor-column-wrap elementor-element-populated\">\n\t\t\t\t\t\t\t<div class=\"elementor-widget-wrap\">\n\t\t\t\t\t\t<div class=\"elementor-element elementor-element-57a8daa2 elementor-widget elementor-widget-text-editor\" data-id=\"57a8daa2\" data-element_type=\"widget\" data-widget_type=\"text-editor.default\">\n\t\t\t\t<div class=\"elementor-widget-container\">\n\t\t\t\t\t\t\t\t<div class=\"elementor-text-editor elementor-clearfix\">\n\t\t\t\t<p>Los juegos D&#8217;Addario EJ87S est\u00e1n dise\u00f1ados para usarse con todos los ukeleles soprano.<\/p><p>Cada cuerda dentro de este conjunto est\u00e1 hecha de nuestro material de titanio de sonido brillante y optimizado para la afinaci\u00f3n GCEA. Las cuerdas de ukelele de titanio D&#8217;Addario est\u00e1n hechas de un material de monofilamento denso que tiene un tono p\u00farpura transl\u00facido atractivo y una sensaci\u00f3n pulida y suave similar al nylon.<\/p><p>Este material \u00fanico es particularmente beneficioso para el ukelele debido a su tono ligeramente m\u00e1s brillante y su mayor proyecci\u00f3n, lo que resulta en m\u00e1s volumen, claridad y din\u00e1mica.<\/p>\t\t\t\t\t<\/div>\n\t\t\t\t\t\t<\/div>\n\t\t\t\t<\/div>\n\t\t\t\t\t\t<\/div>\n\t\t\t\t\t<\/div>\n\t\t<\/div>\n\t\t\t\t\t\t\t\t<\/div>\n\t\t\t\t\t<\/div>\n\t\t<\/section>\n\t\t\t\t\t\t\t\t\t<\/div>\n\t\t\t<\/div>\n\t\t\t\t\t<\/div>\n\t\t","protected":false},"excerpt":{"rendered":"<p>Afinaci\u00f3n: Sol Do Mi La<\/p>\n<p>Material: Titanio<\/p>\n<p>Color: transparente<\/p>\n<p>Calibre: 028 &#8211; 033 &#8211; 040 &#8211; 029<\/p>\n","protected":false},"featured_media":26920,"comment_status":"open","ping_status":"closed","template":"","meta":[],"product_cat":[102],"product_tag":[103,104],"_links":{"self":[{"href":"https:\/\/avtech-hn.com\/blog\/wp-json\/wp\/v2\/product\/12720"}],"collection":[{"href":"https:\/\/avtech-hn.com\/blog\/wp-json\/wp\/v2\/product"}],"about":[{"href":"https:\/\/avtech-hn.com\/blog\/wp-json\/wp\/v2\/types\/product"}],"replies":[{"embeddable":true,"href":"https:\/\/avtech-hn.com\/blog\/wp-json\/wp\/v2\/comments?post=12720"}],"version-history":[{"count":13,"href":"https:\/\/avtech-hn.com\/blog\/wp-json\/wp\/v2\/product\/12720\/revisions"}],"predecessor-version":[{"id":32307,"href":"https:\/\/avtech-hn.com\/blog\/wp-json\/wp\/v2\/product\/12720\/revisions\/32307"}],"wp:featuredmedia":[{"embeddable":true,"href":"https:\/\/avtech-hn.com\/blog\/wp-json\/wp\/v2\/media\/26920"}],"wp:attachment":[{"href":"https:\/\/avtech-hn.com\/blog\/wp-json\/wp\/v2\/media?parent=12720"}],"wp:term":[{"taxonomy":"product_cat","embeddable":true,"href":"https:\/\/avtech-hn.com\/blog\/wp-json\/wp\/v2\/product_cat?post=12720"},{"taxonomy":"product_tag","embeddable":true,"href":"https:\/\/avtech-hn.com\/blog\/wp-json\/wp\/v2\/product_tag?post=12720"}],"curies":[{"name":"wp","href":"https:\/\/api.w.org\/{rel}","templated":true}]}}