{"id":14017,"date":"2019-10-23T23:52:56","date_gmt":"2019-10-24T05:52:56","guid":{"rendered":"https:\/\/avtech-hn.com\/blog\/?post_type=product&#038;p=14017"},"modified":"2020-12-25T00:00:51","modified_gmt":"2020-12-25T06:00:51","slug":"bass-press-mini-volumen","status":"publish","type":"product","link":"https:\/\/avtech-hn.com\/blog\/product\/bass-press-mini-volumen\/","title":{"rendered":"Pedal de expresi\u00f3n &#8211; Hotone &#8211; Bass Press &#8211; mini volumen"},"content":{"rendered":"\t\t<div data-elementor-type=\"wp-post\" data-elementor-id=\"14017\" class=\"elementor elementor-14017\">\n\t\t\t\t\t\t<div class=\"elementor-inner\">\n\t\t\t\t<div class=\"elementor-section-wrap\">\n\t\t\t\t\t\t\t\t\t<section class=\"elementor-section elementor-top-section elementor-element elementor-element-33bd79a4 elementor-section-boxed elementor-section-height-default elementor-section-height-default\" data-id=\"33bd79a4\" data-element_type=\"section\">\n\t\t\t\t\t\t<div class=\"elementor-container elementor-column-gap-default\">\n\t\t\t\t\t\t\t<div class=\"elementor-row\">\n\t\t\t\t\t<div class=\"elementor-column elementor-col-100 elementor-top-column elementor-element elementor-element-38fdea0\" data-id=\"38fdea0\" data-element_type=\"column\">\n\t\t\t<div class=\"elementor-column-wrap elementor-element-populated\">\n\t\t\t\t\t\t\t<div class=\"elementor-widget-wrap\">\n\t\t\t\t\t\t<div class=\"elementor-element elementor-element-57a8daa2 elementor-widget elementor-widget-text-editor\" data-id=\"57a8daa2\" data-element_type=\"widget\" data-widget_type=\"text-editor.default\">\n\t\t\t\t<div class=\"elementor-widget-container\">\n\t\t\t\t\t\t\t\t<div class=\"elementor-text-editor elementor-clearfix\">\n\t\t\t\t<p class=\"tw-data-text tw-text-large tw-ta\" dir=\"ltr\" data-placeholder=\"Traducci\u00f3n\">Detr\u00e1s de Hotone Audio hay un grupo de personas apasionadas por la m\u00fasica.<br \/>Somos un equipo internacional altamente experimentado que combina experiencia profesional con esp\u00edritu art\u00edstico leg\u00edtimo.<br \/>Tenemos un objetivo en mente: crear herramientas s\u00f3nicas para llevar tu inspiraci\u00f3n al siguiente nivel.<br \/>Estamos motivados por la innovaci\u00f3n tecnol\u00f3gica, vemos la excelencia en la calidad como una fortaleza competitiva y creemos en el servicio sobresaliente como la base para proporcionar a cada m\u00fasico una experiencia sensacional.<br \/>A medida que las ideas se convierten en dise\u00f1os, el equipo de Hotone se esfuerza para crear productos que el mundo de la m\u00fasica siempre ha querido pero nunca antes imagin\u00f3 posible.<br \/>Espere de los productos Hotone innovaci\u00f3n, ingenio y siempre un excelente tono.<\/p>\t\t\t\t\t<\/div>\n\t\t\t\t\t\t<\/div>\n\t\t\t\t<\/div>\n\t\t\t\t\t\t<\/div>\n\t\t\t\t\t<\/div>\n\t\t<\/div>\n\t\t\t\t\t\t\t\t<\/div>\n\t\t\t\t\t<\/div>\n\t\t<\/section>\n\t\t\t\t\t\t\t\t\t<\/div>\n\t\t\t<\/div>\n\t\t\t\t\t<\/div>\n\t\t","protected":false},"excerpt":{"rendered":"<p id=\"tw-target-text\" class=\"tw-data-text tw-text-large tw-ta\" dir=\"ltr\" data-placeholder=\"Traducci\u00f3n\"><span lang=\"es\" tabindex=\"0\">True Bypass<br \/>\n<\/span><span lang=\"es\" tabindex=\"0\">Tama\u00f1o compacto<br \/>\n<\/span><span lang=\"es\" tabindex=\"0\">Luces LED<br \/>\nPedal 3 en 1 (Volumen, Wah, Vol\/Wah)<br \/>\n<\/span><span lang=\"es\" tabindex=\"0\">Sonido basado en el pedal original \u00abCryBaby wah\u00bb<br \/>\n<\/span><span lang=\"es\" tabindex=\"0\">Rango de control ajustable<br \/>\n<\/span><span lang=\"es\" tabindex=\"0\">Modo de volumen activo sin perdida de tonalidad<br \/>\nEl modo V\/W combina el tono wah vintage y el control de volumen activo<br \/>\n<\/span><span lang=\"es\" tabindex=\"0\">Fuente de alimentaci\u00f3n de bater\u00eda de 9V o Fuente de Voltaje 9V DC<\/span><\/p>\n","protected":false},"featured_media":14018,"comment_status":"open","ping_status":"closed","template":"","meta":[],"product_cat":[209],"product_tag":[204,199,215,202,59],"_links":{"self":[{"href":"https:\/\/avtech-hn.com\/blog\/wp-json\/wp\/v2\/product\/14017"}],"collection":[{"href":"https:\/\/avtech-hn.com\/blog\/wp-json\/wp\/v2\/product"}],"about":[{"href":"https:\/\/avtech-hn.com\/blog\/wp-json\/wp\/v2\/types\/product"}],"replies":[{"embeddable":true,"href":"https:\/\/avtech-hn.com\/blog\/wp-json\/wp\/v2\/comments?post=14017"}],"version-history":[{"count":7,"href":"https:\/\/avtech-hn.com\/blog\/wp-json\/wp\/v2\/product\/14017\/revisions"}],"predecessor-version":[{"id":26677,"href":"https:\/\/avtech-hn.com\/blog\/wp-json\/wp\/v2\/product\/14017\/revisions\/26677"}],"wp:featuredmedia":[{"embeddable":true,"href":"https:\/\/avtech-hn.com\/blog\/wp-json\/wp\/v2\/media\/14018"}],"wp:attachment":[{"href":"https:\/\/avtech-hn.com\/blog\/wp-json\/wp\/v2\/media?parent=14017"}],"wp:term":[{"taxonomy":"product_cat","embeddable":true,"href":"https:\/\/avtech-hn.com\/blog\/wp-json\/wp\/v2\/product_cat?post=14017"},{"taxonomy":"product_tag","embeddable":true,"href":"https:\/\/avtech-hn.com\/blog\/wp-json\/wp\/v2\/product_tag?post=14017"}],"curies":[{"name":"wp","href":"https:\/\/api.w.org\/{rel}","templated":true}]}}