{"id":22638,"date":"2020-06-20T11:47:24","date_gmt":"2020-06-20T17:47:24","guid":{"rendered":"https:\/\/avtech-hn.com\/blog\/?post_type=product&#038;p=22638"},"modified":"2020-06-27T23:49:26","modified_gmt":"2020-06-28T05:49:26","slug":"afinador-cromatico-ca-1-korg","status":"publish","type":"product","link":"https:\/\/avtech-hn.com\/blog\/product\/afinador-cromatico-ca-1-korg\/","title":{"rendered":"Afinador Crom\u00e1tico CA-1 &#8211; Korg"},"content":{"rendered":"\t\t<div data-elementor-type=\"wp-post\" data-elementor-id=\"22638\" class=\"elementor elementor-22638\">\n\t\t\t\t\t\t<div class=\"elementor-inner\">\n\t\t\t\t<div class=\"elementor-section-wrap\">\n\t\t\t\t\t\t\t\t\t<section class=\"elementor-section elementor-top-section elementor-element elementor-element-33bd79a4 elementor-section-boxed elementor-section-height-default elementor-section-height-default\" data-id=\"33bd79a4\" data-element_type=\"section\">\n\t\t\t\t\t\t<div class=\"elementor-container elementor-column-gap-default\">\n\t\t\t\t\t\t\t<div class=\"elementor-row\">\n\t\t\t\t\t<div class=\"elementor-column elementor-col-100 elementor-top-column elementor-element elementor-element-38fdea0\" data-id=\"38fdea0\" data-element_type=\"column\">\n\t\t\t<div class=\"elementor-column-wrap elementor-element-populated\">\n\t\t\t\t\t\t\t<div class=\"elementor-widget-wrap\">\n\t\t\t\t\t\t<div class=\"elementor-element elementor-element-57a8daa2 elementor-widget elementor-widget-text-editor\" data-id=\"57a8daa2\" data-element_type=\"widget\" data-widget_type=\"text-editor.default\">\n\t\t\t\t<div class=\"elementor-widget-container\">\n\t\t\t\t\t\t\t\t<div class=\"elementor-text-editor elementor-clearfix\">\n\t\t\t\t<p class=\"tw-data-text tw-text-large tw-ta\" dir=\"ltr\" data-placeholder=\"Traducci\u00f3n\">Desde que fue fundada en 1963, Korg ha tenido como objetivo crear nuevas experiencias en la m\u00fasica e interpretaci\u00f3n. Eso fue lo que condujo a la creaci\u00f3n de la primera caja de ritmos basada en disco en Jap\u00f3n, la Doncamatic, y m\u00e1s adelante al desarrollo del primer sintetizador Japon\u00e9s, y al primer afinador de aguja del mundo, seguido por numerosos instrumentos \u00fanicos que han tra\u00eddo el disfrute de la interpretaci\u00f3n musical a muchas personas en todo el mundo.<\/p>\t\t\t\t\t<\/div>\n\t\t\t\t\t\t<\/div>\n\t\t\t\t<\/div>\n\t\t\t\t\t\t<\/div>\n\t\t\t\t\t<\/div>\n\t\t<\/div>\n\t\t\t\t\t\t\t\t<\/div>\n\t\t\t\t\t<\/div>\n\t\t<\/section>\n\t\t\t\t\t\t\t\t\t<\/div>\n\t\t\t<\/div>\n\t\t\t\t\t<\/div>\n\t\t","protected":false},"excerpt":{"rendered":"<p><span class=\"a-list-item\">Afinador cromatico<\/span><\/p>\n<p><span class=\"a-list-item\">Display con aguja digital<\/span><\/p>\n<p><span class=\"a-list-item\">Tono de referencia<\/span><\/p>\n<p>Entrada 1\/4<\/p>\n","protected":false},"featured_media":22639,"comment_status":"open","ping_status":"closed","template":"","meta":[],"product_cat":[393],"product_tag":[208,537,538],"_links":{"self":[{"href":"https:\/\/avtech-hn.com\/blog\/wp-json\/wp\/v2\/product\/22638"}],"collection":[{"href":"https:\/\/avtech-hn.com\/blog\/wp-json\/wp\/v2\/product"}],"about":[{"href":"https:\/\/avtech-hn.com\/blog\/wp-json\/wp\/v2\/types\/product"}],"replies":[{"embeddable":true,"href":"https:\/\/avtech-hn.com\/blog\/wp-json\/wp\/v2\/comments?post=22638"}],"version-history":[{"count":6,"href":"https:\/\/avtech-hn.com\/blog\/wp-json\/wp\/v2\/product\/22638\/revisions"}],"predecessor-version":[{"id":22837,"href":"https:\/\/avtech-hn.com\/blog\/wp-json\/wp\/v2\/product\/22638\/revisions\/22837"}],"wp:featuredmedia":[{"embeddable":true,"href":"https:\/\/avtech-hn.com\/blog\/wp-json\/wp\/v2\/media\/22639"}],"wp:attachment":[{"href":"https:\/\/avtech-hn.com\/blog\/wp-json\/wp\/v2\/media?parent=22638"}],"wp:term":[{"taxonomy":"product_cat","embeddable":true,"href":"https:\/\/avtech-hn.com\/blog\/wp-json\/wp\/v2\/product_cat?post=22638"},{"taxonomy":"product_tag","embeddable":true,"href":"https:\/\/avtech-hn.com\/blog\/wp-json\/wp\/v2\/product_tag?post=22638"}],"curies":[{"name":"wp","href":"https:\/\/api.w.org\/{rel}","templated":true}]}}