{"id":24210,"date":"2020-07-20T15:28:29","date_gmt":"2020-07-20T21:28:29","guid":{"rendered":"https:\/\/avtech-hn.com\/blog\/?post_type=product&#038;p=24210"},"modified":"2022-01-13T10:17:38","modified_gmt":"2022-01-13T16:17:38","slug":"banco-profesional-para-baterista-ludwig-diseno-azul-con-olivo","status":"publish","type":"product","link":"https:\/\/avtech-hn.com\/blog\/product\/banco-profesional-para-baterista-ludwig-diseno-azul-con-olivo\/","title":{"rendered":"Banco profesional para Baterista &#8211; Ludwig &#8211; Dise\u00f1o azul con olivo"},"content":{"rendered":"\t\t<div data-elementor-type=\"wp-post\" data-elementor-id=\"24210\" class=\"elementor elementor-24210\">\n\t\t\t\t\t\t<div class=\"elementor-inner\">\n\t\t\t\t<div class=\"elementor-section-wrap\">\n\t\t\t\t\t\t\t\t\t<section class=\"elementor-section elementor-top-section elementor-element elementor-element-33bd79a4 elementor-section-boxed elementor-section-height-default elementor-section-height-default\" data-id=\"33bd79a4\" data-element_type=\"section\">\n\t\t\t\t\t\t<div class=\"elementor-container elementor-column-gap-default\">\n\t\t\t\t\t\t\t<div class=\"elementor-row\">\n\t\t\t\t\t<div class=\"elementor-column elementor-col-100 elementor-top-column elementor-element elementor-element-38fdea0\" data-id=\"38fdea0\" data-element_type=\"column\">\n\t\t\t<div class=\"elementor-column-wrap elementor-element-populated\">\n\t\t\t\t\t\t\t<div class=\"elementor-widget-wrap\">\n\t\t\t\t\t\t<div class=\"elementor-element elementor-element-57a8daa2 elementor-widget elementor-widget-text-editor\" data-id=\"57a8daa2\" data-element_type=\"widget\" data-widget_type=\"text-editor.default\">\n\t\t\t\t<div class=\"elementor-widget-container\">\n\t\t\t\t\t\t\t\t<div class=\"elementor-text-editor elementor-clearfix\">\n\t\t\t\t<p>Ludwig-Musser es una marca registrada de una f\u00e1brica de Bater\u00edas, instrumentos de percusi\u00f3n perteneciente a la empresa Conn-Selmer, Inc.<br \/><br \/>La d\u00e9cada de 1960 fue muy importante para la empresa, cuando obtuvo el apoyo inesperado de Ringo Starr, el baterista de The Beatles, que luc\u00eda el logo Ludwig en su bater\u00eda, subiendo la popularidad de la marca a nivel internacional. La empresa reconoci\u00f3 el aporte del m\u00fasico, regal\u00e1ndole en 1965, una caja ba\u00f1ada en oro, con una inscripci\u00f3n de agradecimiento. Una larga lista de afamados bateristas, comenzando por John Bonham de la banda Led Zeppelin con su modelo Vistalite, seguir\u00eda apoyando a la empresa al elegir sus productos.<\/p>\t\t\t\t\t<\/div>\n\t\t\t\t\t\t<\/div>\n\t\t\t\t<\/div>\n\t\t\t\t\t\t<\/div>\n\t\t\t\t\t<\/div>\n\t\t<\/div>\n\t\t\t\t\t\t\t\t<\/div>\n\t\t\t\t\t<\/div>\n\t\t<\/section>\n\t\t\t\t\t\t\t\t\t<\/div>\n\t\t\t<\/div>\n\t\t\t\t\t<\/div>\n\t\t","protected":false},"excerpt":{"rendered":"<p id=\"tw-target-text\" class=\"tw-data-text tw-text-large XcVN5d tw-ta\" dir=\"ltr\" data-placeholder=\"Traducci\u00f3n\">Banco alcochado con altura ajustable para mayor comodidad<br \/>\nDimensi\u00f3n: 56,6 x 56,6 x 21,6 cm<br \/>\nMaterial de cuero sint\u00e9tico.<\/p>\n","protected":false},"featured_media":24206,"comment_status":"open","ping_status":"closed","template":"","meta":[],"product_cat":[387,198],"product_tag":[690,689],"_links":{"self":[{"href":"https:\/\/avtech-hn.com\/blog\/wp-json\/wp\/v2\/product\/24210"}],"collection":[{"href":"https:\/\/avtech-hn.com\/blog\/wp-json\/wp\/v2\/product"}],"about":[{"href":"https:\/\/avtech-hn.com\/blog\/wp-json\/wp\/v2\/types\/product"}],"replies":[{"embeddable":true,"href":"https:\/\/avtech-hn.com\/blog\/wp-json\/wp\/v2\/comments?post=24210"}],"version-history":[{"count":3,"href":"https:\/\/avtech-hn.com\/blog\/wp-json\/wp\/v2\/product\/24210\/revisions"}],"predecessor-version":[{"id":28313,"href":"https:\/\/avtech-hn.com\/blog\/wp-json\/wp\/v2\/product\/24210\/revisions\/28313"}],"wp:featuredmedia":[{"embeddable":true,"href":"https:\/\/avtech-hn.com\/blog\/wp-json\/wp\/v2\/media\/24206"}],"wp:attachment":[{"href":"https:\/\/avtech-hn.com\/blog\/wp-json\/wp\/v2\/media?parent=24210"}],"wp:term":[{"taxonomy":"product_cat","embeddable":true,"href":"https:\/\/avtech-hn.com\/blog\/wp-json\/wp\/v2\/product_cat?post=24210"},{"taxonomy":"product_tag","embeddable":true,"href":"https:\/\/avtech-hn.com\/blog\/wp-json\/wp\/v2\/product_tag?post=24210"}],"curies":[{"name":"wp","href":"https:\/\/api.w.org\/{rel}","templated":true}]}}