{"id":28557,"date":"2020-12-18T14:30:55","date_gmt":"2020-12-18T20:30:55","guid":{"rendered":"https:\/\/avtech-hn.com\/blog\/?post_type=product&#038;p=28557"},"modified":"2022-03-13T20:04:55","modified_gmt":"2022-03-14T02:04:55","slug":"afinador-eclipse-de-clip-planet-waves-color-negro","status":"publish","type":"product","link":"https:\/\/avtech-hn.com\/blog\/product\/afinador-eclipse-de-clip-planet-waves-color-negro\/","title":{"rendered":"Afinador eclipse de clip &#8211; Planet Waves &#8211; Color negro"},"content":{"rendered":"\t\t<div data-elementor-type=\"wp-post\" data-elementor-id=\"28557\" class=\"elementor elementor-28557\">\n\t\t\t\t\t\t<div class=\"elementor-inner\">\n\t\t\t\t<div class=\"elementor-section-wrap\">\n\t\t\t\t\t\t\t\t\t<section class=\"elementor-section elementor-top-section elementor-element elementor-element-33bd79a4 elementor-section-boxed elementor-section-height-default elementor-section-height-default\" data-id=\"33bd79a4\" data-element_type=\"section\">\n\t\t\t\t\t\t<div class=\"elementor-container elementor-column-gap-default\">\n\t\t\t\t\t\t\t<div class=\"elementor-row\">\n\t\t\t\t\t<div class=\"elementor-column elementor-col-100 elementor-top-column elementor-element elementor-element-38fdea0\" data-id=\"38fdea0\" data-element_type=\"column\">\n\t\t\t<div class=\"elementor-column-wrap elementor-element-populated\">\n\t\t\t\t\t\t\t<div class=\"elementor-widget-wrap\">\n\t\t\t\t\t\t<div class=\"elementor-element elementor-element-57a8daa2 elementor-widget elementor-widget-text-editor\" data-id=\"57a8daa2\" data-element_type=\"widget\" data-widget_type=\"text-editor.default\">\n\t\t\t\t<div class=\"elementor-widget-container\">\n\t\t\t\t\t\t\t\t<div class=\"elementor-text-editor elementor-clearfix\">\n\t\t\t\t<p id=\"tw-target-text\" class=\"tw-data-text tw-text-large tw-ta\" dir=\"ltr\" data-placeholder=\"Traducci\u00f3n\">Las cuerdas para bajos el\u00e9ctricos XL est\u00e1n enrolladas con precisi\u00f3n en las m\u00e1quinas controladas digitalmente de D\u2019Addario, lo que garantiza que cada cuerda tenga una entonaci\u00f3n excelente, fundamentos claros y una consistencia incomparable.<\/p><p class=\"tw-data-text tw-text-large tw-ta\" dir=\"ltr\" data-placeholder=\"Traducci\u00f3n\">Con una variedad de opciones en materiales, calibres y tama\u00f1os de sets, D\u2019Addario hace una cuerda de bajo adecuada para cualquier estilo de interpretaci\u00f3n.<\/p>\t\t\t\t\t<\/div>\n\t\t\t\t\t\t<\/div>\n\t\t\t\t<\/div>\n\t\t\t\t\t\t<\/div>\n\t\t\t\t\t<\/div>\n\t\t<\/div>\n\t\t\t\t\t\t\t\t<\/div>\n\t\t\t\t\t<\/div>\n\t\t<\/section>\n\t\t\t\t\t\t\t\t\t<\/div>\n\t\t\t<\/div>\n\t\t\t\t\t<\/div>\n\t\t","protected":false},"excerpt":{"rendered":"<p>Crom\u00e1tico<br \/>\nPantalla LCD full color.<br \/>\nApagado autom\u00e1tico y calibraci\u00f3n de tono.<br \/>\nLa acci\u00f3n de giro m\u00faltiple permite el \u00e1ngulo de visi\u00f3n perfecto y se puede montar delante o detr\u00e1s del cabezal en instrumentos para diestros y zurdos.<\/p>\n<p>IDEAL PARA:<br \/>\nGUITARRA<br \/>\nBAJO<br \/>\nLIVE Y STUDIO<\/p>\n","protected":false},"featured_media":28560,"comment_status":"open","ping_status":"closed","template":"","meta":[],"product_cat":[393],"product_tag":[1041,1042,617],"_links":{"self":[{"href":"https:\/\/avtech-hn.com\/blog\/wp-json\/wp\/v2\/product\/28557"}],"collection":[{"href":"https:\/\/avtech-hn.com\/blog\/wp-json\/wp\/v2\/product"}],"about":[{"href":"https:\/\/avtech-hn.com\/blog\/wp-json\/wp\/v2\/types\/product"}],"replies":[{"embeddable":true,"href":"https:\/\/avtech-hn.com\/blog\/wp-json\/wp\/v2\/comments?post=28557"}],"version-history":[{"count":4,"href":"https:\/\/avtech-hn.com\/blog\/wp-json\/wp\/v2\/product\/28557\/revisions"}],"predecessor-version":[{"id":28918,"href":"https:\/\/avtech-hn.com\/blog\/wp-json\/wp\/v2\/product\/28557\/revisions\/28918"}],"wp:featuredmedia":[{"embeddable":true,"href":"https:\/\/avtech-hn.com\/blog\/wp-json\/wp\/v2\/media\/28560"}],"wp:attachment":[{"href":"https:\/\/avtech-hn.com\/blog\/wp-json\/wp\/v2\/media?parent=28557"}],"wp:term":[{"taxonomy":"product_cat","embeddable":true,"href":"https:\/\/avtech-hn.com\/blog\/wp-json\/wp\/v2\/product_cat?post=28557"},{"taxonomy":"product_tag","embeddable":true,"href":"https:\/\/avtech-hn.com\/blog\/wp-json\/wp\/v2\/product_tag?post=28557"}],"curies":[{"name":"wp","href":"https:\/\/api.w.org\/{rel}","templated":true}]}}