{"id":28567,"date":"2020-12-18T15:20:48","date_gmt":"2020-12-18T21:20:48","guid":{"rendered":"https:\/\/avtech-hn.com\/blog\/?post_type=product&#038;p=28567"},"modified":"2023-02-08T22:21:58","modified_gmt":"2023-02-09T04:21:58","slug":"limpiador-lubricante-para-cuerdas-daddario","status":"publish","type":"product","link":"https:\/\/avtech-hn.com\/blog\/product\/limpiador-lubricante-para-cuerdas-daddario\/","title":{"rendered":"Limpiador\/Lubricante para cuerdas &#8211; D&#8217;Addario"},"content":{"rendered":"\t\t<div data-elementor-type=\"wp-post\" data-elementor-id=\"28567\" class=\"elementor elementor-28567\">\n\t\t\t\t\t\t<div class=\"elementor-inner\">\n\t\t\t\t<div class=\"elementor-section-wrap\">\n\t\t\t\t\t\t\t\t\t<section class=\"elementor-section elementor-top-section elementor-element elementor-element-33bd79a4 elementor-section-boxed elementor-section-height-default elementor-section-height-default\" data-id=\"33bd79a4\" data-element_type=\"section\">\n\t\t\t\t\t\t<div class=\"elementor-container elementor-column-gap-default\">\n\t\t\t\t\t\t\t<div class=\"elementor-row\">\n\t\t\t\t\t<div class=\"elementor-column elementor-col-100 elementor-top-column elementor-element elementor-element-38fdea0\" data-id=\"38fdea0\" data-element_type=\"column\">\n\t\t\t<div class=\"elementor-column-wrap elementor-element-populated\">\n\t\t\t\t\t\t\t<div class=\"elementor-widget-wrap\">\n\t\t\t\t\t\t<div class=\"elementor-element elementor-element-57a8daa2 elementor-widget elementor-widget-text-editor\" data-id=\"57a8daa2\" data-element_type=\"widget\" data-widget_type=\"text-editor.default\">\n\t\t\t\t<div class=\"elementor-widget-container\">\n\t\t\t\t\t\t\t\t<div class=\"elementor-text-editor elementor-clearfix\">\n\t\t\t\t<p id=\"tw-target-text\" class=\"tw-data-text tw-text-large tw-ta\" dir=\"ltr\" data-placeholder=\"Traducci\u00f3n\"><span lang=\"es\">Lubricante f\u00e1cil de usar para los puntos de fricci\u00f3n, \u00fatil para todos los instrumentos de cuerda. <\/span><\/p><p class=\"tw-data-text tw-text-large tw-ta\" dir=\"ltr\" data-placeholder=\"Traducci\u00f3n\"><span lang=\"es\">La fricci\u00f3n es la causa ra\u00edz de muchos problemas de ajuste.<br \/>La f\u00f3rmula f\u00e1cil de usar viene en un aplicador estilo jeringa junto con 2 hisopos para entrar en espacios reducidos. <br \/>Solo una gota en cada ranura que est\u00e9 en contacto con las cuerdas\u00a0 y permite que se deslicen sin da\u00f1ar los elementos, evitando la fricci\u00f3n que puede hacer que las cuerdas se desafinen. <br \/>LubriKit tambi\u00e9n se puede utilizar para todos los puntos de contacto con puentes flotantes y tornillos de ajuste para altura de las cuerdas.<\/span><\/p>\t\t\t\t\t<\/div>\n\t\t\t\t\t\t<\/div>\n\t\t\t\t<\/div>\n\t\t\t\t\t\t<\/div>\n\t\t\t\t\t<\/div>\n\t\t<\/div>\n\t\t\t\t\t\t\t\t<\/div>\n\t\t\t\t\t<\/div>\n\t\t<\/section>\n\t\t\t\t\t\t\t\t\t<\/div>\n\t\t\t<\/div>\n\t\t\t\t\t<\/div>\n\t\t","protected":false},"excerpt":{"rendered":"<p>Elimina la fricci\u00f3n para tocar m\u00e1s r\u00e1pido mientras limpia las cuerdas para un juego prolongado y un nuevo tono de cuerda.<br \/>\nAcondiciona el diapas\u00f3n.<br \/>\nSimplemente tome el aplicador ergon\u00f3mico y limpie las cuerdas arriba y abajo.<\/p>\n","protected":false},"featured_media":28548,"comment_status":"open","ping_status":"closed","template":"","meta":[],"product_cat":[169],"product_tag":[173,1046],"_links":{"self":[{"href":"https:\/\/avtech-hn.com\/blog\/wp-json\/wp\/v2\/product\/28567"}],"collection":[{"href":"https:\/\/avtech-hn.com\/blog\/wp-json\/wp\/v2\/product"}],"about":[{"href":"https:\/\/avtech-hn.com\/blog\/wp-json\/wp\/v2\/types\/product"}],"replies":[{"embeddable":true,"href":"https:\/\/avtech-hn.com\/blog\/wp-json\/wp\/v2\/comments?post=28567"}],"version-history":[{"count":3,"href":"https:\/\/avtech-hn.com\/blog\/wp-json\/wp\/v2\/product\/28567\/revisions"}],"predecessor-version":[{"id":28656,"href":"https:\/\/avtech-hn.com\/blog\/wp-json\/wp\/v2\/product\/28567\/revisions\/28656"}],"wp:featuredmedia":[{"embeddable":true,"href":"https:\/\/avtech-hn.com\/blog\/wp-json\/wp\/v2\/media\/28548"}],"wp:attachment":[{"href":"https:\/\/avtech-hn.com\/blog\/wp-json\/wp\/v2\/media?parent=28567"}],"wp:term":[{"taxonomy":"product_cat","embeddable":true,"href":"https:\/\/avtech-hn.com\/blog\/wp-json\/wp\/v2\/product_cat?post=28567"},{"taxonomy":"product_tag","embeddable":true,"href":"https:\/\/avtech-hn.com\/blog\/wp-json\/wp\/v2\/product_tag?post=28567"}],"curies":[{"name":"wp","href":"https:\/\/api.w.org\/{rel}","templated":true}]}}