{"id":31466,"date":"2022-02-08T14:31:29","date_gmt":"2022-02-08T20:31:29","guid":{"rendered":"https:\/\/avtech-hn.com\/blog\/?post_type=product&#038;p=31466"},"modified":"2022-12-28T17:04:45","modified_gmt":"2022-12-28T23:04:45","slug":"pedalera-multiefectos-hotone-ampero-ii-stomp","status":"publish","type":"product","link":"https:\/\/avtech-hn.com\/blog\/product\/pedalera-multiefectos-hotone-ampero-ii-stomp\/","title":{"rendered":"Pedalera Multiefectos &#8211; Hotone &#8211; Ampero II Stomp"},"content":{"rendered":"\t\t<div data-elementor-type=\"wp-post\" data-elementor-id=\"31466\" class=\"elementor elementor-31466\">\n\t\t\t\t\t\t<div class=\"elementor-inner\">\n\t\t\t\t<div class=\"elementor-section-wrap\">\n\t\t\t\t\t\t\t\t\t<section class=\"elementor-section elementor-top-section elementor-element elementor-element-fc7bdc7 elementor-section-boxed elementor-section-height-default elementor-section-height-default\" data-id=\"fc7bdc7\" data-element_type=\"section\">\n\t\t\t\t\t\t<div class=\"elementor-container elementor-column-gap-default\">\n\t\t\t\t\t\t\t<div class=\"elementor-row\">\n\t\t\t\t\t<div class=\"elementor-column elementor-col-100 elementor-top-column elementor-element elementor-element-50a66be\" data-id=\"50a66be\" data-element_type=\"column\">\n\t\t\t<div class=\"elementor-column-wrap elementor-element-populated\">\n\t\t\t\t\t\t\t<div class=\"elementor-widget-wrap\">\n\t\t\t\t\t\t<div class=\"elementor-element elementor-element-b135b4e elementor-widget elementor-widget-video\" data-id=\"b135b4e\" data-element_type=\"widget\" data-settings=\"{&quot;youtube_url&quot;:&quot;https:\\\/\\\/www.youtube.com\\\/watch?v=hYSz_KhRAls&amp;t=1s&quot;,&quot;video_type&quot;:&quot;youtube&quot;,&quot;controls&quot;:&quot;yes&quot;}\" data-widget_type=\"video.default\">\n\t\t\t\t<div class=\"elementor-widget-container\">\n\t\t\t\t\t<div class=\"elementor-wrapper elementor-open-inline\">\n\t\t\t<div class=\"elementor-video\"><\/div>\t\t<\/div>\n\t\t\t\t<\/div>\n\t\t\t\t<\/div>\n\t\t\t\t\t\t<\/div>\n\t\t\t\t\t<\/div>\n\t\t<\/div>\n\t\t\t\t\t\t\t\t<\/div>\n\t\t\t\t\t<\/div>\n\t\t<\/section>\n\t\t\t\t<section class=\"elementor-section elementor-top-section elementor-element elementor-element-1cf8227e elementor-section-boxed elementor-section-height-default elementor-section-height-default\" data-id=\"1cf8227e\" data-element_type=\"section\">\n\t\t\t\t\t\t<div class=\"elementor-container elementor-column-gap-default\">\n\t\t\t\t\t\t\t<div class=\"elementor-row\">\n\t\t\t\t\t<div class=\"elementor-column elementor-col-100 elementor-top-column elementor-element elementor-element-12e7e66a\" data-id=\"12e7e66a\" data-element_type=\"column\">\n\t\t\t<div class=\"elementor-column-wrap elementor-element-populated\">\n\t\t\t\t\t\t\t<div class=\"elementor-widget-wrap\">\n\t\t\t\t\t\t<div class=\"elementor-element elementor-element-2b773108 elementor-widget elementor-widget-text-editor\" data-id=\"2b773108\" data-element_type=\"widget\" data-widget_type=\"text-editor.default\">\n\t\t\t\t<div class=\"elementor-widget-container\">\n\t\t\t\t\t\t\t\t<div class=\"elementor-text-editor elementor-clearfix\">\n\t\t\t\t<p id=\"tw-target-text\" class=\"tw-data-text tw-text-large XcVN5d tw-ta\" dir=\"ltr\" data-placeholder=\"Traducci\u00f3n\"><span lang=\"es\">Detr\u00e1s de Hotone Audio hay un grupo de personas apasionadas por la m\u00fasica. <br \/>Somos un equipo internacional altamente experimentado que combina experiencia profesional con esp\u00edritu art\u00edstico leg\u00edtimo. <br \/><\/span><\/p><p class=\"tw-data-text tw-text-large XcVN5d tw-ta\" dir=\"ltr\" data-placeholder=\"Traducci\u00f3n\"><span lang=\"es\">Tenemos un objetivo en mente: crear herramientas s\u00f3nicas para llevar tu inspiraci\u00f3n al siguiente nivel. <br \/>Estamos motivados por la innovaci\u00f3n tecnol\u00f3gica, vemos la excelencia en la calidad como una fortaleza competitiva y creemos en el servicio sobresaliente como la base para proporcionar a cada m\u00fasico una experiencia sensacional.<\/span><\/p><p>A medida que las ideas se convierten en dise\u00f1os, el equipo de Hotone se esfuerza para crear productos que el mundo de la m\u00fasica siempre ha querido pero nunca antes hab\u00eda imaginado que fuera posible. Espere de los productos Hotone innovaci\u00f3n, ingenio y siempre un excelente tono.<\/p>\t\t\t\t\t<\/div>\n\t\t\t\t\t\t<\/div>\n\t\t\t\t<\/div>\n\t\t\t\t\t\t<\/div>\n\t\t\t\t\t<\/div>\n\t\t<\/div>\n\t\t\t\t\t\t\t\t<\/div>\n\t\t\t\t\t<\/div>\n\t\t<\/section>\n\t\t\t\t\t\t\t\t\t<\/div>\n\t\t\t<\/div>\n\t\t\t\t\t<\/div>\n\t\t","protected":false},"excerpt":{"rendered":"<p id=\"tw-target-text\" class=\"tw-data-text tw-text-large tw-ta\" dir=\"ltr\" data-placeholder=\"Traducci\u00f3n\"><span class=\"Y2IQFc\" lang=\"es\">Procesador de efectos y modelador de amplificadores de segunda generaci\u00f3n.<br \/>\nPantalla t\u00e1ctil din\u00e1mica de 800 x 480 de 4 pulgadas e interfaz de usuario de nuevo dise\u00f1o para un control m\u00e1s intuitivo<\/span><\/p>\n<p>300 presets (100 bancos x 3 parches)<br \/>\nLooper est\u00e9reo integrado con m\u00e1x. 60 segundos de tiempo de grabaci\u00f3n y funci\u00f3n de deshacer\/rehacer<\/p>\n<p>CDCM HD &amp; F.I.R.E. efectos de modelado que incluyen:<br \/>\n&#8211; Modelos de 87 amplificadores<br \/>\n&#8211; 68 modelos de cabina<br \/>\n-Un algoritmo de gabinete<br \/>\n-micr\u00f3fono m\u00e1s preciso basado en datos de grabaci\u00f3n de estudio realistas<br \/>\n&#8211; Nuevos modelos de preamplificador<br \/>\n&#8211; Simulaci\u00f3n de amplificador de potencia independiente<br \/>\n&#8211; M\u00e1s de 100 modelos de pedales legendarios<\/p>\n<p>M\u00e1s de 60 efectos originales de Hotone (incluidos modelos de alta calidad de drive\/dynamic\/filter\/mod\/delay\/reverb y m\u00e1s)<br \/>\nM\u00f3dulo cargador IR dedicado con soporte IR de terceros, hasta 50 ranuras IR personalizadas<br \/>\n20 altavoces IR cl\u00e1sicos de Celestion\u00ae incluidos<br \/>\n&#8211; Desarrollado por Celestion\u00ae Digital<\/p>\n<p>CDCM HD y F.I.R.E. El sistema de modelado garantiza una expresividad tonal de alta gama y una experiencia de juego realista.<br \/>\nProcesamiento de se\u00f1al de 24 bits, rango din\u00e1mico de hasta 127dB*<\/p>\n<p>Hasta 12 m\u00f3dulos de efectos simult\u00e1neos<br \/>\nLa biblioteca de efectos mejorada ofrece m\u00e1s de 400 efectos<\/p>\n<p>Puerto USB para actualizaci\u00f3n de firmware, carga\/edici\u00f3n\/administraci\u00f3n de efectos\/IR a trav\u00e9s del software gratuito Win\/Mac o para usar como interfaz de audio USB<br \/>\nInterfaz de audio USB de 8 entradas y 8 salidas<\/p>\n<p>Fuente de alimentaci\u00f3n de 9-18 V CC *Digital a anal\u00f3gico; los datos reales pueden variar seg\u00fan los escenarios de uso<\/p>\n","protected":false},"featured_media":31468,"comment_status":"open","ping_status":"closed","template":"","meta":[],"product_cat":[209],"product_tag":[58,202,57,224,59],"_links":{"self":[{"href":"https:\/\/avtech-hn.com\/blog\/wp-json\/wp\/v2\/product\/31466"}],"collection":[{"href":"https:\/\/avtech-hn.com\/blog\/wp-json\/wp\/v2\/product"}],"about":[{"href":"https:\/\/avtech-hn.com\/blog\/wp-json\/wp\/v2\/types\/product"}],"replies":[{"embeddable":true,"href":"https:\/\/avtech-hn.com\/blog\/wp-json\/wp\/v2\/comments?post=31466"}],"version-history":[{"count":9,"href":"https:\/\/avtech-hn.com\/blog\/wp-json\/wp\/v2\/product\/31466\/revisions"}],"predecessor-version":[{"id":32101,"href":"https:\/\/avtech-hn.com\/blog\/wp-json\/wp\/v2\/product\/31466\/revisions\/32101"}],"wp:featuredmedia":[{"embeddable":true,"href":"https:\/\/avtech-hn.com\/blog\/wp-json\/wp\/v2\/media\/31468"}],"wp:attachment":[{"href":"https:\/\/avtech-hn.com\/blog\/wp-json\/wp\/v2\/media?parent=31466"}],"wp:term":[{"taxonomy":"product_cat","embeddable":true,"href":"https:\/\/avtech-hn.com\/blog\/wp-json\/wp\/v2\/product_cat?post=31466"},{"taxonomy":"product_tag","embeddable":true,"href":"https:\/\/avtech-hn.com\/blog\/wp-json\/wp\/v2\/product_tag?post=31466"}],"curies":[{"name":"wp","href":"https:\/\/api.w.org\/{rel}","templated":true}]}}